{"id":53,"date":"2024-05-21T19:05:12","date_gmt":"2024-05-21T17:05:12","guid":{"rendered":"https:\/\/crepeseppel.de\/?page_id=53"},"modified":"2024-05-22T08:56:12","modified_gmt":"2024-05-22T06:56:12","slug":"angebot","status":"publish","type":"page","link":"https:\/\/crepeseppel.de\/?page_id=53","title":{"rendered":"Angebot"},"content":{"rendered":"\n<p><\/p>\n\n\n\n<p><\/p>\n\n\n\n<h1 class=\"wp-block-heading has-text-align-center\"><em><strong>S\u00fc\u00dfer Genuss<\/strong><\/em><\/h1>\n\n\n\n<figure class=\"wp-block-pullquote alignwide\"><blockquote><p>Zimt &amp; Zucker<br>Hausgemachtes Apfelmus (Zuckerfrei)<br>Hausgemachte Marmelade<br>Schoki  (Bionella)<br>Schoki  +  Banane<br>Panela *  +  Zitrone  +  Minze<\/p><cite>* kolumbianischer Vollrohrzucker<\/cite><\/blockquote><\/figure>\n\n\n\n<p><\/p>\n\n\n\n<p><\/p>\n\n\n\n<h1 class=\"wp-block-heading has-text-align-center\"><em><strong>Herzhaft lecker<\/strong><\/em><\/h1>\n\n\n\n<figure class=\"wp-block-pullquote\"><blockquote><p><strong>Lieblingscr\u00eape<\/strong><br>Pesto (hausgemacht), Bergk\u00e4se *, Tomate, Fr\u00fchlingzwiebel, Rucola, Salz &amp; Pfeffer<br><strong>vegan:<\/strong><br>* veganer Frischk\u00e4se<br><br><strong>Els\u00e4sser<\/strong><br>Schmand *, Berk\u00e4se *, Zwiebelringe, geriebener Apfel, Salz &amp; Pfeffer<br><strong>vegan:<\/strong><br>* veganer frischk\u00e4se, * Hefeflocken<br><br><strong>Die Hexe<\/strong><br>Parmesan, Honig, Salz &amp; Pfeffer<br><strong>vegan:<\/strong><br>Hefeflocken, Ahornsirup, Salz &amp; Pfeffer<br><\/p><cite>Preise abh\u00e4ngig von Ort und Umfang der Veranstaltung<\/cite><\/blockquote><\/figure>\n","protected":false},"excerpt":{"rendered":"<p>S\u00fc\u00dfer Genuss Zimt &amp; ZuckerHausgemachtes Apfelmus (Zuckerfrei)Hausgemachte MarmeladeSchoki (Bionella)Schoki + BananePanela * + Zitrone + Minze * kolumbianischer Vollrohrzucker Herzhaft lecker Lieblingscr\u00eapePesto (hausgemacht), Bergk\u00e4se *, Tomate, Fr\u00fchlingzwiebel, Rucola, Salz &amp; Pfeffervegan:* veganer Frischk\u00e4se Els\u00e4sserSchmand *, Berk\u00e4se *, Zwiebelringe, geriebener Apfel, Salz &amp; Pfeffervegan:* veganer frischk\u00e4se, * Hefeflocken Die HexeParmesan, Honig, Salz &amp; Pfeffervegan:Hefeflocken, Ahornsirup, Salz [&hellip;]<\/p>\n","protected":false},"author":2,"featured_media":0,"parent":0,"menu_order":0,"comment_status":"closed","ping_status":"closed","template":"","meta":{"footnotes":""},"class_list":["post-53","page","type-page","status-publish","hentry"],"_links":{"self":[{"href":"https:\/\/crepeseppel.de\/index.php?rest_route=\/wp\/v2\/pages\/53","targetHints":{"allow":["GET"]}}],"collection":[{"href":"https:\/\/crepeseppel.de\/index.php?rest_route=\/wp\/v2\/pages"}],"about":[{"href":"https:\/\/crepeseppel.de\/index.php?rest_route=\/wp\/v2\/types\/page"}],"author":[{"embeddable":true,"href":"https:\/\/crepeseppel.de\/index.php?rest_route=\/wp\/v2\/users\/2"}],"replies":[{"embeddable":true,"href":"https:\/\/crepeseppel.de\/index.php?rest_route=%2Fwp%2Fv2%2Fcomments&post=53"}],"version-history":[{"count":5,"href":"https:\/\/crepeseppel.de\/index.php?rest_route=\/wp\/v2\/pages\/53\/revisions"}],"predecessor-version":[{"id":87,"href":"https:\/\/crepeseppel.de\/index.php?rest_route=\/wp\/v2\/pages\/53\/revisions\/87"}],"wp:attachment":[{"href":"https:\/\/crepeseppel.de\/index.php?rest_route=%2Fwp%2Fv2%2Fmedia&parent=53"}],"curies":[{"name":"wp","href":"https:\/\/api.w.org\/{rel}","templated":true}]}}